{"id":823,"date":"2022-04-20T13:11:34","date_gmt":"2022-04-20T11:11:34","guid":{"rendered":"https:\/\/www.gurkenprinz.at\/?post_type=cpt_products&#038;p=823"},"modified":"2022-06-30T13:25:01","modified_gmt":"2022-06-30T11:25:01","slug":"primeur-milder-pfefferoni-extra-fein","status":"publish","type":"cpt_products","link":"https:\/\/www.gurkenprinz.at\/en\/product\/primeur-milder-pfefferoni-extra-fein\/","title":{"rendered":"Primeur Milder Pfefferoni extra fein"},"content":{"rendered":"<p>Diese Primeur-Komposition hat einen Nachteil: Das Glas ist viel zu schnell leer. Schon die sch\u00f6ne Farb-Komposition der orangen und gr\u00fcngelblichen Spiral-Pfefferoni macht Gusto aufs Reinbei\u00dfen. Diese Sorte trocknen wir nach der Ernte im Nordburgenland etwa eine Woche lang bevor sie mit einer Mischung Knoblauch und \u00d6l-Tomate mariniert wird. Pikante und s\u00fc\u00dfe Anteile vermischt mit feinstem Essig lassen dann das Wasser im Mund zusammen laufen.<br \/>\nZwischendurch einen milden Lang-Pfefferoni aus dem Glas fischen und als Snack verspeisen: einfach k\u00f6stlich!<\/p>\n<p><strong>Glasgr\u00f6\u00dfe<\/strong>: 370 ml<br \/>\n<strong>Herkunft<\/strong>: Nordburgenland<\/p>\n","protected":false},"excerpt":{"rendered":"<p>Diese Primeur-Komposition hat einen Nachteil: Das Glas ist viel zu schnell leer. Schon die sch\u00f6ne Farb-Komposition der orangen und gr\u00fcngelblichen Spiral-Pfefferoni macht Gusto aufs Reinbei\u00dfen. Diese Sorte trocknen wir nach der Ernte im Nordburgenland etwa eine Woche lang bevor sie mit einer Mischung Knoblauch und \u00d6l-Tomate mariniert wird. Pikante und s\u00fc\u00dfe Anteile vermischt mit feinstem [&hellip;]<\/p>\n","protected":false},"featured_media":717,"menu_order":0,"template":"","ctx_product":[],"class_list":["post-823","cpt_products","type-cpt_products","status-publish","has-post-thumbnail","hentry"],"acf":[],"_links":{"self":[{"href":"https:\/\/www.gurkenprinz.at\/en\/wp-json\/wp\/v2\/cpt_products\/823","targetHints":{"allow":["GET"]}}],"collection":[{"href":"https:\/\/www.gurkenprinz.at\/en\/wp-json\/wp\/v2\/cpt_products"}],"about":[{"href":"https:\/\/www.gurkenprinz.at\/en\/wp-json\/wp\/v2\/types\/cpt_products"}],"wp:featuredmedia":[{"embeddable":true,"href":"https:\/\/www.gurkenprinz.at\/en\/wp-json\/wp\/v2\/media\/717"}],"wp:attachment":[{"href":"https:\/\/www.gurkenprinz.at\/en\/wp-json\/wp\/v2\/media?parent=823"}],"wp:term":[{"taxonomy":"ctx_product","embeddable":true,"href":"https:\/\/www.gurkenprinz.at\/en\/wp-json\/wp\/v2\/ctx_product?post=823"}],"curies":[{"name":"wp","href":"https:\/\/api.w.org\/{rel}","templated":true}]}}

<p>Diese Primeur-Komposition hat einen Nachteil: Das Glas ist viel zu schnell leer. Schon die schöne Farb-Komposition der orangen und grüngelblichen Spiral-Pfefferoni macht Gusto aufs Reinbeißen. Diese Sorte trocknen wir nach der Ernte im Nordburgenland etwa eine Woche lang bevor sie mit einer Mischung Knoblauch und Öl-Tomate mariniert wird. Pikante und süße Anteile vermischt mit feinstem Essig lassen dann das Wasser im Mund zusammen laufen.<br />
Zwischendurch einen milden Lang-Pfefferoni aus dem Glas fischen und als Snack verspeisen: einfach köstlich!</p>
<p><strong>Glasgröße</strong>: 370 ml<br />
<strong>Herkunft</strong>: Nordburgenland</p>

<p>Diese Primeur-Komposition hat einen Nachteil: Das Glas ist viel zu schnell leer. Schon die schöne Farb-Komposition der orangen und grüngelblichen Spiral-Pfefferoni macht Gusto aufs Reinbeißen. Diese Sorte trocknen wir nach der Ernte im Nordburgenland etwa eine Woche lang bevor sie mit einer Mischung Knoblauch und Öl-Tomate mariniert wird. Pikante und süße Anteile vermischt mit feinstem [&hellip;]</p>
